 46634934 a multiple of 553?
False
Is 5937 a factor of 122848243?
False
Is 1932 a factor of 50852172?
True
Is 175832960 a multiple of 211?
False
Is 994 a factor of 15319528?
True
Is 178558812 a multiple of 19?
False
Does 2452 divide 2347417296?
True
Does 20 divide 118486868?
False
Is 854037072 a multiple of 4?
True
Is 37 a factor of 63670895?
True
Is 31182945 a multiple of 381?
True
Does 339 divide 1654973887?
False
Does 2641 divide 225665510?
False
Is 13 a factor of 142384554?
True
Does 605 divide 816837?
False
Is 176239500 a multiple of 12?
True
Is 8947194066 a multiple of 27?
True
Is 278365583 a multiple of 25?
False
Is 339990618 a multiple of 11?
True
Does 6 divide 51656787?
False
Is 1887 a factor of 112044399?
True
Is 203299068 a multiple of 28?
True
Is 28 a factor of 231005348?
True
Is 5 a factor of 106598313?
False
Is 19313792 a multiple of 122?
False
Does 13 divide 374097591?
False
Is 17 a factor of 10269953?
False
Is 2919966 a multiple of 14?
True
Is 11 a factor of 59718982?
False
Does 16 divide 602393344?
True
Is 3430 a factor of 1245559910?
True
Does 21 divide 989499?
True
Is 57 a factor of 820637805?
False
Is 429498405 a multiple of 2331?
True
Is 115444596 a multiple of 79?
True
Is 383 a factor of 162852397?
False
Does 237 divide 2264853714?
False
Does 27 divide 209628097?
False
Is 3463971 a multiple of 217?
True
Is 57023553 a multiple of 223?
True
Is 194 a factor of 269208950?
True
Is 3 a factor of 186312?
True
Does 222 divide 71453586?
True
Is 8740249 a multiple of 2?
False
Is 213012936 a multiple of 1908?
True
Is 44837289 a multiple of 63?
True
Is 1967502080 a multiple of 320?
True
Is 2672 a factor of 70698278?
False
Is 63 a factor of 34769385?
True
Is 10688419 a multiple of 10?
False
Is 3109181 a multiple of 201?
False
Is 213 a factor of 17261355?
False
Is 2380602 a multiple of 3?
True
Is 2175327348 a multiple of 14?
False
Is 7920297 a multiple of 7?
True
Does 95 divide 195229935?
False
Is 558208667 a multiple of 1565?
False
Is 81 a factor of 234892593?
False
Is 8570401 a multiple of 59?
False
Does 10 divide 237326967?
False
Is 5 a factor of 2732295?
True
Does 15 divide 156026310?
True
Is 47 a factor of 298757247?
False
Does 751 divide 193111448?
False
Is 116 a factor of 148709564?
True
Is 309 a factor of 2431375461?
True
Is 5358348 even?
True
Is 4794500 a multiple of 446?
True
Does 8 divide 14500960?
True
Is 50 a factor of 7547600?
True
Is 400 a factor of 4896613?
False
Is 1835 a factor of 337014265?
True
Does 13 divide 13602277?
True
Does 29 divide 32775568?
True
Does 4 divide 3537463?
False
Is 1179 a factor of 2574566475?
False
Is 854 a factor of 1468544010?
False
Is 18 a factor of 282220362?
True
Is 20 a factor of 6682722?
False
Is 24213129 a multiple of 122?
False
Does 18 divide 51923591?
False
Is 153 a factor of 27986328?
False
Is 13064460 a multiple of 46?
True
Is 1105891743 a multiple of 5929?
False
Is 6 a factor of 129616452?
True
Is 8759529 a multiple of 3?
True
Is 318173421 a multiple of 413?
False
Is 3160275957 a multiple of 87?
True
Is 120610798 a multiple of 2681?
False
Does 696 divide 131325533?
False
Is 409850015 a multiple of 3045?
False
Does 11 divide 174377333?
False
Does 4622 divide 624478420?
True
Is 14854476 a multiple of 892?
True
Is 174 a factor of 5088845?
False
Does 4 divide 4914872?
True
Is 586 a factor of 2453928453?
False
Is 67 a factor of 20658981?
True
Is 917 a factor of 10170447?
True
Does 30 divide 1475698200?
True
Does 135 divide 80827200?
True
Does 39 divide 20486817?
True
Is 9 a factor of 86913153?
True
Is 7188990 a multiple of 10?
True
Is 417 a factor of 15437340?
True
Is 108 a factor of 6711661551?
False
Is 14150250 a multiple of 90?
True
Is 365527051 a multiple of 82?
False
Is 8 a factor of 12777048?
True
Is 63386556 a multiple of 419?
False
Is 298 a factor of 18213952?
False
Is 15 a factor of 10072365?
True
Is 160893173 a multiple of 222?
False
Is 608929645 a multiple of 2056?
False
Is 2441364084 a multiple of 1836?
True
Does 414 divide 2170766772?
True
Does 901 divide 662064722?
False
Does 78 divide 96828689?
False
Is 352 a factor of 160735781?
False
Is 33070247 a multiple of 11?
False
Does 65 divide 2765572225?
True
Is 112 a factor of 2158450529?
False
Is 11620396 a multiple of 4?
True
Does 3960 divide 2714972040?
True
Is 133996465 a multiple of 21?
False
Does 16 divide 315471920?
True
Is 474636225 a multiple of 75?
True
Is 1156 a factor of 246194267?
False
Does 569 divide 19251633?
False
Is 26 a factor of 35497?
False
Does 79 divide 30880946?
False
Does 722 divide 3913?
False
Is 241168110 a multiple of 690?
True
Is 2934 a factor of 1110705504?
False
Is 536 a factor of 22805695?
False
Is 229020184 a multiple of 12?
False
Is 330 a factor of 1261576704?
False
Is 53081348 a multiple of 112?
False
Does 123 divide 64003665?
True
Is 156 a factor of 5663843?
False
Does 626 divide 1888596768?
False
Is 40925065 a multiple of 271?
True
Is 6 a factor of 72035112?
True
Is 269 a factor of 94201242?
False
Is 54568747 a multiple of 342?
False
Does 20 divide 313589280?
True
Is 14509986 a multiple of 426?
True
Is 4096856 a multiple of 1573?
False
Does 1606 divide 11510202?
True
Is 368 a factor of 16466896?
True
Is 363384107 a multiple of 1246?
False
Is 337 a factor of 115173457?
True
Is 29989884 a multiple of 3170?
False
Does 435 divide 69631704?
False
Is 40 a factor of 17163640?
True
Is 551 a factor of 74891369?
True
Is 14464798 a multiple of 5?
False
Is 23 a factor of 367070719?
False
Is 887363197 a multiple of 1981?
True
Does 15 divide 13593018?
False
Is 977173728 a multiple of 96?
True
Is 765 a factor of 1047082275?
True
Is 2081802424 a multiple of 309?
False
Does 712 divide 67672752?
True
Is 6244590 a multiple of 4191?
True
Does 248 divide 19791144?
True
Is 8 a factor of 21323609?
False
Is 35875424 a multiple of 16?
True
Is 65 a factor of 467205358?
False
Does 52 divide 56775368?
True
Is 129015808 a multiple of 3?
False
Is 385586433 a multiple of 27?
True
Does 1778 divide 21356747?
False
Is 4931291 a multiple of 424?
False
Is 1318243 a multiple of 63?
False
Is 1052 a factor of 28195393?
False
Is 74918880 a multiple of 12?
True
Is 2335754350 a multiple of 1381?
True
Is 8538904 a multiple of 19?
True
Is 33 a factor of 2624917581?
True
Is 234 a factor of 1701180?
True
Is 61570407 a multiple of 301?
False
Is 5 a factor of 45596160?
True
Is 128669292 a multiple of 76?
True
Is 1446676138 a multiple of 18?
False
Is 1479770798 a multiple of 531?
False
Is 4413 a factor of 675503155?
False
Is 30075597 a multiple of 1021?
True
Is 283 a factor of 62841282?
True
Is 13844554 a multiple of 392?
False
Is 563 a factor of 36723927?
True
Does 433 divide 965699982?
True
Is 2764 a factor of 23348932?
False
Is 70106192 a multiple of 1937?
False
Is 151 a factor of 1100983969?
False
Does 68 divide 35608024?
False
Is 18123572 a multiple of 91?
False
Does 125 divide 73041401?
False
Does 15 divide 43959194?
False
Does 326 divide 178102468?
False
Is 364673736 a multiple of 12?
True
Does 211 divide 877549?
True
Is 6105 a factor of 1198123988?
False
Is 5396827 a multiple of 3?
False
Is 447782112 a multiple of 948?
True
Does 538 divide 29312978?
False
Is 130 a factor of 550637707?
False
Does 80 divide 743743?
False
Does 8 divide 33617528?
True
Is 2237499593 a multiple of 12?
False
Does 105 divide 133756894?
False
Is 28 a factor of 43292564?
True
Is 334 a factor of 11174703?
False
Is 180487137 a multiple of 19?
True
Does 9890 divide 2023177520?
True
Is 95 a factor of 30363425?
True
Does 7 divide 69315155?
True
Is 489 a factor of 54510786?
True
Is 15 a factor of 1148762638?
False
Is 2984974210 a multiple of 970?
True
Does 51 divide 2944536?
True
Is 2720 a factor of 468821920?
True
Does 254 divide 129768503?
False
Does 1080 divide 2249851680?
True
Is 7179750 a multiple of 50?
True
Does 2 divide 2004049?
False
Is 3408 a factor of 5807174064?
True
Is 13 a factor of 629174728?
True
Is 11 a factor of 175733646?
True
Is 14 a factor of 118124483?
False
Is 105222944 a multiple of 8?
True
Does 2321 divide 84825587?
True
Is 2083269 a multiple of 2?
False
Is 441 a factor of 596190546?
True
Is 17 a factor of 1250175342?
True
Is 38 a factor of 22429934?
False
Is 187210979 a multiple of 88?
False
Is 83422 a multiple of 53?
True
Is 58463306